d. Is d a prime number?
True
Let v = 6953 + -3294. Is v a composite number?
False
Suppose r + 18178 = 6*r - 3*b, -3*b = -2*r + 7273. Is r a composite number?
True
Let k be (-1)/(-2)*(-5)/(15/(-12)). Suppose -372 = -5*i + 2*i. Suppose 4*s = 2*d + 102, 3*s = -k*s - d + i. Is s a prime number?
False
Suppose 2*p = -4*h + 2*h + 1556, 4*p + 1544 = 2*h. Let l = h + 89. Is l prime?
False
Suppose 0 = y - 5*s - 5593, s + 1352 = -3*y + 18099. Is y a prime number?
False
Let l be 2/(((-56)/12)/7). Is -6*(-1256)/12 - l a composite number?
False
Let i = 37 + -37. Suppose i = 3*h - 5*d - 1339, 5*d - 4*d + 1774 = 4*h. Is h a composite number?
False
Let w(c) = 4*c**2 + 4*c - 1. Let o be w(-3). Let i = o + -39. Is (-12)/i + 1154/8 composite?
True
Let j(r) = -39*r**3 - r**2 + 18*r + 21. Is j(-6) a composite number?
True
Suppose -44*g = -143171 - 51969. Is g composite?
True
Suppose -27 = 5*v + 18. Let u(t) = -t**3 - 10*t**2 - 7*t + 22. Let w be u(v). Suppose 0 = 3*c - w*s + 14 - 511, -2*c + 328 = -2*s. Is c a composite number?
True
Let c = 353 - 228. Let k be c/45 - (-4)/18. Suppose 0 = -2*s - 4*a + 114, -k*s - 2*s + 2*a + 333 = 0. Is s a prime number?
False
Let l = -1116 - -2309. Is l a composite number?
False
Suppose 7*v - 4*v = 1974. Suppose 0 = -o - w - v, -5*o + 2*w = -3*w + 3250. Let u = 1285 + o. Is u prime?
True
Suppose 3*h = -3*n + 8*n - 81485, n + 3*h = 16297. Is n composite?
True
Is 2*3*(-31769)/(-6) a composite number?
False
Let i be 864 + (-1 - (0 + -4)). Let d = -382 + i. Is d a prime number?
False
Suppose -232968 = -33*m + 65979. Is m prime?
True
Suppose -3*f + 5*f = -g - 7, f - 5*g + 9 = 0. Let i(n) = -4*n - 8. Let u be i(-4). Is 1/f + 370/u a composite number?
True
Let d = -14127 - -39368. Is d prime?
False
Is 2 - (-21)/(-6) - (-2530)/4 prime?
True
Is 9/6*(0 + 1190) - 2 a composite number?
False
Let c(y) = -y**3 - 16*y**2 + 17*y + 6. Let k be c(-17). Is 2/(-6) - (-566)/k composite?
True
Suppose 608293 = 53*q - 331344. Is q a prime number?
True
Suppose 2*f - 2*g - 28 = 0, 0*g = -4*f + 2*g + 60. Suppose 0 = -r - u + 21, u = 5*u + f. Is r prime?
False
Let j = 20955 + -4636. Is j a composite number?
False
Suppose 7*i = 3*i - 4. Let a = i + 3. Suppose x = -4*j + 4*x + 115, -68 = -2*j - a*x. Is j a prime number?
True
Let o(w) be the first derivative of 5*w**3/3 - 3*w**2/2 + 31*w + 1. Is o(-12) composite?
False
Suppose -i + 3*t + 9 = 0, -2*t + 68 = 4*i + 2*t. Suppose 10*o = i*o - 1105. Is o a prime number?
False
Let w = -12 - -18. Is (2/w)/((-19)/(-85443)) composite?
False
Let v = -46 + 43. Suppose -2*a - 22 = -5*a - 4*u, -2*a = u - 8. Is (a/(-6))/(v/54) a composite number?
True
Let u be 26/39 - 22/(-3). Let f = 1 - u. Let t(h) = 9*h**2 + 11*h + 7. Is t(f) prime?
False
Is (70/175)/(1/(-5)) - -1411 prime?
True
Let w(l) = 2*l**2 + 27*l - 90. Is w(-19) prime?
False
Suppose 3*s + 2165 = 6*s - 2*p, -3*s + 2153 = p. Is s composite?
False
Is (-786716)/(-21) + 10/30 prime?
True
Let s = 113223 - 59654. Is s composite?
False
Suppose 151129 = 804*w - 793*w. Is w a prime number?
False
Suppose 0 = -5*s + 24 + 1. Suppose 1038 = 4*f + s*z, 6*f + z = 10*f - 1026. Is f a composite number?
False
Let a(g) be the third derivative of 629*g**5/60 + 6*g**2. Is a(1) a composite number?
True
Suppose -q - 2*q = -24. Let w(p) = -p + 12. Let a be w(q). Suppose -a*r + 3183 = -r. Is r a prime number?
True
Suppose -4*w = 5*r + 30, 2*w = -5*r - 0 - 20. Is 12590/75*5 - r/(-6) a composite number?
False
Is ((-7610)/5)/(6/(-21)) a composite number?
True
Let d be (-3)/6 - (-7155)/10. Suppose d = 5*c - 5*z, 2*c = c - 5*z + 131. Is c composite?
True
Let i be 0*3/(1 - -5 - 3). Suppose i = -z + 2, -2*l + 5*z - 4484 = -4*l. Is l composite?
False
Let y be (-2)/(-7) - (-40)/7. Suppose -5*m - 5*u + 5154 = -y*u, -3*m + 4*u + 3106 = 0. Suppose -3*r = 4*p - 859, -5*p = -0*r - 5*r - m. Is p prime?
True
Let u(m) = 131*m**2 + m + 49. Is u(-11) prime?
True
Let c be 494/6 + (-1)/3. Let o = 129 - c. Let q = o - 24. Is q a composite number?
False
Suppose 0 = -2*w - 10, w - 9089 = 6*b - 8*b. Is b a prime number?
True
Is 2/20*-4*801525/(-30) prime?
True
Suppose 0 = 4*u - 3*u + 5*r + 9, 8 = 2*u - 3*r. Suppose -b + u = -3. Suppose 5*n + 3*w - w = 1255, n + b*w - 251 = 0. Is n composite?
False
Let d = 524 - 237. Is d a prime number?
False
Suppose 0 = 3*o + 4*o + o. Let s = 48 - 14. Suppose 3*p - s - 5 = o. Is p a composite number?
False
Let z(j) be the second derivative of j**3/2 - 2*j**2 + j. Suppose 9*a = a + 40. Is z(a) a prime number?
True
Suppose 6*z - 60 = 2*z. Let h be (42/z)/((-2)/(-20)). Let v = 79 - h. Is v composite?
True
Let o = -771 + 2638. Let c be o + -3 + 6 + -2. Suppose 0 = -q + 4*n + 385, -n = -5*q - 0*n + c. Is q prime?
True
Let k = -36 + 36. Is 0*(-2 + (3 - k)) + 157 prime?
True
Let p(f) = f**3 + 3*f**2 + 2*f + 10. Let s be p(-3). Suppose y = -2*j + 835, -s*y = y - 5*j - 4220. Is y a composite number?
True
Suppose 3*q - 250 = 2*x + 2*x, -3*q - 5*x = -241. Let v = -48 + q. Is v composite?
True
Suppose 0 = c, 6*c - 3*c - 16 = -4*s. Suppose 0 = 5*a + 4*b - 927, -5*a + 392 = -s*b - 551. Is a a composite number?
True
Suppose -l - 5*b + 1378 = 245, -5617 = -5*l - b. Is l prime?
True
Suppose -7872 - 10343 = -u. Is u composite?
True
Let r(c) = -4*c**2 - 22*c - 46. Let j(a) = a**2 + 7*a + 15. Let n(w) = -7*j(w) - 2*r(w). Is n(-12) composite?
False
Is 50/275 - 247839/(-11) composite?
False
Let j be (6/(-2))/(60/(-40)). Let x(f) = f + f + 17 - j*f + 2*f. Is x(7) a prime number?
True
Suppose -5*c - 8 = -28. Suppose 3*y - 3 - 3 = 0, 0 = 3*h + 5*y - 1. Is c/3*h - -113 prime?
True
Suppose -5*c + 0*c + 5*l - 595 = 0, l - 467 = 4*c. Let w = c + 229. Is w a prime number?
True
Let u = 1099 + -551. Suppose 3*q = -2*o + 486 + 822, 4*q = -2*o + 1742. Suppose 4*z = -0*t - 2*t + q, 3*t = 5*z - u. Is z a composite number?
False
Let q = 44 - 71. Let h = -66 + q. Let p = 226 + h. Is p composite?
True
Let b(m) = 4*m**2 - 1. Let u be b(1). Suppose u*t + 203 = 710. Is t a prime number?
False
Let n be 6/45 - (-7340)/75. Let b = n - 11. Is b prime?
False
Let i(g) = -g**2 + 9*g - 20. Let z be i(5). Let y(c) = -c**3 + c**2 - c + 1399. Is y(z) a composite number?
False
Let a = -16767 + 24178. Is a composite?
False
Let c(h) = 9*h**2 - h + 2. Let z be c(3). Is (2169/(-36))/((-4)/z) a prime number?
False
Let k(g) = -9*g**3 + 15*g**2 + 42*g - 40. Let n(t) = 4*t**3 - 8*t**2 - 21*t + 20. Let r(i) = 2*k(i) + 5*n(i). Is r(9) composite?
False
Let o be (5/2)/(13/104). Let r = -5 + o. Is r prime?
False
Let r(a) = a**2 - 2*a - 7. Suppose 0 = 4*y - p + 16, 3*y - p - 4*p + 29 = 0. Let m be r(y). Is -2 - -46*12/m a composite number?
False
Let q(r) = 36*r**2 - 3*r - 7. Let m be q(-8). Suppose -v = -3*b - m, -5*v + 2*b + 15715 = 4058. Is v prime?
True
Suppose -2*v = -5*v + 24. Suppose v*p - 34 = 3126. Is p a composite number?
True
Let d be 9/(27/(-6)) - -2. Suppose 5*p - 8 = p, d = m + p - 651. Is m composite?
True
Let j = -397 - 437. Let m = 1277 + j. Is m composite?
False
Let k(n) = 11*n**3 + 11*n**2 - 64*n - 1. Is k(7) a prime number?
True
Suppose 2*p = -2*x + 2338, -2*x + p + 1815 = -511. Suppose -26*r + 21*r + x = 0. Is r a composite number?
False
Is 5 + -3*(-6 + 73444/(-6)) composite?
True
Let t = -6 - -6. Suppose 4*h - 2*x - 22 = t, x + 6 + 2 = h. Suppose 938 = h*z - z. Is z a prime number?
False
Let u(k) = 14*k**2 + 6*k + 10. Let x be u(-10). Suppose -x = -5*i - 200. Let o = i - 151. Is o a composite number?
False
Suppose 10 = 6*k - k. Suppose -k*n = n - 561. Is n a prime number?
False
Suppose -2*k - z + 40643 = 0, 3*z - 20314 = -6*k + 5*k. Is k composite?
False
Suppose 3*i - 78 = -3*i. Let o(u) = -u**2 + u + 1. Let k(b) = -3*b**2 - 3*b. Let p(v) = k(v) - 4*o(v). Is p(i) a composite number?
True
Let d(k) = k**3 - 6*k**2 - 6*k - 4. Let s be d(7). Suppose -b - 4*b = -3*r - 1873, 2*r = s*b - 1123. Is b composite?
True
Suppose 3*m - 6 = 0, -m - 4 - 34 = -5*i. Let k be (-1 + (-4436)/i)*2. Is (-1 - k)/3 + 1 composite?
True
Let q(t) = 24179*t - 171. Is q(4) a prime number?
False
Is (35 - 34)*3937/1 a composite number?
True
Let d(r) be the first derivative of -r**4/4 - r**3/3 + 259*r - 8. Let p = -4 + 4. Is d(p) prime?
False
Suppose 0 = -5*c - 2*v, -4*c - 2*v - 4 = -c. Let j be (-3)/(-3) - (c + -5). Suppose -j*p + 655 = -141. Is p composit